ten millions digit of 877171118?
7
What is the ten thousands digit of 2260675045?
7
What is the units digit of 122961244?
4
What is the units digit of 266931868?
8
What is the hundred thousands digit of 209517092?
5
What is the tens digit of 4551755200?
0
What is the hundred thousands digit of 78244483?
2
What is the tens digit of 70812917?
1
What is the hundreds digit of 1440541929?
9
What is the hundred millions digit of 1829432818?
8
What is the hundred thousands digit of 1516179449?
1
What is the thousands digit of 32218647?
8
What is the thousands digit of 1036271476?
1
What is the hundred thousands digit of 5795388094?
3
What is the units digit of 25356513?
3
What is the units digit of 123091780?
0
What is the units digit of 56400113?
3
What is the millions digit of 62961559?
2
What is the hundred millions digit of 276434888?
2
What is the billions digit of 1014429437?
1
What is the hundreds digit of 2125217237?
2
What is the millions digit of 3827204304?
7
What is the thousands digit of 105537246?
7
What is the tens digit of 242599807?
0
What is the hundreds digit of 58536412?
4
What is the ten millions digit of 238298794?
3
What is the tens digit of 26271352?
5
What is the thousands digit of 69480473?
0
What is the hundreds digit of 12346381?
3
What is the ten thousands digit of 90021617?
2
What is the tens digit of 33533422?
2
What is the thousands digit of 937285523?
5
What is the ten thousands digit of 216529651?
2
What is the ten thousands digit of 109357967?
5
What is the hundreds digit of 4159895172?
1
What is the ten thousands digit of 1067843378?
4
What is the hundred millions digit of 487678456?
4
What is the hundred millions digit of 2134863090?
1
What is the hundreds digit of 2075633541?
5
What is the tens digit of 75139675?
7
What is the hundred millions digit of 550063159?
5
What is the millions digit of 1679903140?
9
What is the units digit of 1216136023?
3
What is the millions digit of 101725340?
1
What is the hundreds digit of 103812078?
0
What is the hundreds digit of 40758050?
0
What is the millions digit of 180976771?
0
What is the hundreds digit of 102838031?
0
What is the thousands digit of 12759672?
9
What is the hundred thousands digit of 259329884?
3
What is the ten millions digit of 71655377?
7
What is the units digit of 64717557?
7
What is the thousands digit of 409400176?
0
What is the tens digit of 41426549?
4
What is the millions digit of 2632184384?
2
What is the hundred thousands digit of 21987938?
9
What is the hundred thousands digit of 791975593?
9
What is the hundreds digit of 5022723634?
6
What is the units digit of 2263582?
2
What is the ten thousands digit of 4782597?
8
What is the tens digit of 366342297?
9
What is the hundred thousands digit of 95942632?
9
What is the hundreds digit of 3007028050?
0
What is the ten millions digit of 310022509?
1
What is the hundred thousands digit of 510904536?
9
What is the millions digit of 775260049?
5
What is the ten thousands digit of 730425384?
2
What is the thousands digit of 30277351?
7
What is the hundred millions digit of 325931772?
3
What is the hundred millions digit of 108228815?
1
What is the tens digit of 201720019?
1
What is the tens digit of 76446263?
6
What is the units digit of 24015224?
4
What is the ten thousands digit of 5935821?
3
What is the tens digit of 256220706?
0
What is the ten thousands digit of 557327237?
2
What is the hundred thousands digit of 150211821?
2
What is the billions digit of 3009176641?
3
What is the thousands digit of 33562802?
2
What is the hundreds digit of 3743205399?
3
What is the tens digit of 87486786?
8
What is the tens digit of 1766316320?
2
What is the ten thousands digit of 3669774771?
7
What is the thousands digit of 98912746?
2
What is the millions digit of 188506818?
8
What is the hundreds digit of 4546196264?
2
What is the hundreds digit of 1597477155?
1
What is the millions digit of 181217709?
1
What is the hundred thousands digit of 86194026?
1
What is the tens digit of 1337190344?
4
What is the units digit of 12047365?
5
What is the ten millions digit of 71366689?
7
What is the ten millions digit of 1745214272?
4
What is the ten millions digit of 36287112?
3
What is the tens digit of 71612895?
9
What is the hundreds digit of 241116140?
1
What is the hundred thousands digit of 5420348954?
3
What is the millions digit of 83166049?
3
What is the millions digit of 661919945?
1
What is the hundreds digit of 5038285471?
4
What is the tens digit of 30194577?
7
What is the hundreds digit of 109959827?
8
What is the millions digit of 1085074773?
5
What is the hundreds digit of 5309244794?
7
What is the millions digit of 1187638528?
7
What is the hundred thousands digit of 29277920?
2
What is the billions digit of 1000195136?
1
What is the ten thousands digit of 90841512?
4
What is the thousands digit of 32458122?
8
What is the ten millions digit of 184607599?
8
What is the thousands digit of 7977546?
7
What is the millions digit of 47045204?
7
What is the thousands digit of 151047655?
7
What is the thousands digit of 9889771?
9
What is the ten thousands digit of 5966301724?
0
What is the thousands digit of 75163179?
3
What is the tens digit of 49489333?
3
What is the hundred thousands digit of 80005408?
0
What is the hundred thousands digit of 5179265?
1
What is the hundred thousands digit of 10076832?
0
What is the hundred millions digit of 473957630?
4
What is the thousands digit of 323698878?
8
What is the millions digit of 163569402?
3
What is the tens digit of 4590015532?
3
What is the millions digit of 34623596?
4
What is the thousands digit of 20548769?
8
What is the millions digit of 570472870?
0
What is the hundreds digit of 250745043?
0
What is the tens digit of 894806200?
0
What is the millions digit of 77393775?
7
What is the hundred thousands digit of 1159423934?
4
What is the hundreds digit of 111604116?
1
What is the tens digit of 55893897?
9
What is the thousands digit of 668521830?
1
What is the ten millions digit of 150500167?
5
What is the tens digit of 551641851?
5
What is the ten thousands digit of 1394403402?
0
What is the millions digit of 232457664?
2
What is the tens digit of 1179735726?
2
What is the ten millions digit of 630609251?
3
What is the ten millions digit of 34723422?
3
What is the ten thousands digit of 79805830?
0
What is the hundreds digit of 108839255?
2
What is the thousands digit of 178910701?
0
What is the hundred millions digit of 418548834?
4
What is the ten millions digit of 26602271?
2
What is the hundreds digit of 68142432?
4
What is the ten thousands digit of 4356082324?
8
What is the hundreds digit of 69937480?
4
What is the ten millions digit of 725413111?
2
What is the ten millions digit of 49339877?
4
What is the ten thousands digit of 5321433562?
3
What is the thousands digit of 54410977?
0
What is the thousands digit of 473690921?
0
What is the units digit of 3098832?
2
What is the hundred thousands digit of 892294517?
2
What is the millions digit of 1783958879?
3
What is the units digit of 554952392?
2
What is the millions digit of 25170360?
5
What is the hundreds digit of 341782783?
7
What is the ten thousands digit of 44986258?
8
What is the units digit of 74177594?
4
What is the ten millions digit of 920272349?
2
What is the thousands digit of 2537785045?
5
What is the thousands digit of 110325080?
5
What is the hundred thousands digit of 177034603?
0
What is the thousands digit of 245971416?
1
What is the tens digit of 865635828?
2
What is the ten thousands digit of 38571666?
7
What is the tens digit of 60813158?
5
What is the thousands digit of 195579818?
9
What is the hundred thousands digit of 1112036707?
0
What is the hundred millions digit of 195963898?
1
What is the units digit of 2377457561?
1
What is the ten thousands digit of 19901536?
0
What is the units digit of 4508594?
4
What is the thousands digit of 797158686?
8
What is the thousands digit of 25007574?
7
What is the tens digit of 3981039?
3
What is the hundred millions digit of 700276020?
7
What is the ten thousands digit of 63244984?
4
What is the ten thousands digit of 13442512?
4
What is the hundred millions digit of 150267964?
1
What is the tens digit of 76593098?
9
What is the